42 - 20) + -38
4
What is (2 + -1 + 5 - 13) + (28 - 26) + -4?
-9
What is -11 + (-7 - -4) + -57 + 49?
-22
What is (48 + (1 - 7) - 1) + 19?
60
What is the value of -12 + -1 - ((-2552 - -2539) + (83 - 1))?
-82
Calculate (1 - 37) + 17 + (-2 - (0 + -9 - -31)).
-43
11 + (-16 - 6 - (-80 - -58))
11
20 + 5 + (3 - -3) - (-11 + 17 + -13)
38
Calculate -6 + 4 + (4 + (-9 - -5) - -5) - 19.
-16
86 - (-5 + 62 + -26)
55
What is -12 - ((-13 - -35 - 50) + 14)?
2
What is the value of (62 - -6) + -107 + 119?
80
What is the value of 33 + 55 + -48 + -2?
38
Calculate 149 - 154 - (4 + 30).
-39
What is -44 - -66 - 33 - -1?
-10
Calculate 2116 + -2118 - (3 + (-2 - 0) + -1 - -3).
-5
1 - 11 - (173 - (-40 - -342))
119
(-13 + 16 - -12) + 7 + -58
-36
Calculate 319 - 351 - (-46 - -2).
12
What is -4975 + 4916 - (-75 - 0)?
16
(14 - (-57 - -84)) + (0 - -77)
64
What is 11 - -115 - (301 + -58)?
-117
Calculate 38 + -3 + -2 - (16 + 4 + -14).
27
What is the value of (-10 + (59 - 49) - (1 + -59)) + -10 + 0?
48
What is the value of -16 - 1 - (-166 + 37) - 34?
78
(6 - ((1 - 3) + 13 - 2)) + 50
47
What is (3 - 11 - -18) + 646 + -707?
-51
What is the value of -21 - (-4 - -7) - (8 - (9 - 7)) - -7?
-23
Calculate -20 + 2 + (23 + -12 - -3).
-4
-17 - (16 - 15 - (-3 + -40) - 8)
-53
Calculate 17 - -7 - (-319 - -252).
91
Calculate -8 - (-96 + 17) - -1.
72
(-4 - (142 - 2)) + -2 + (25 + -2 - 15)
-138
Calculate (-30 - 3) + (288 - 278).
-23
Calculate 58 - (-12 - (-12 - 46)).
12
What is the value of 4 - (16 + 21 - 21 - 8)?
-4
16 - (-9 + -32) - 32
25
What is the value of -9 + -112 + 177 + -2 + -4?
50
What is the value of 1 - 3 - -1 - (6129 - 6093)?
-37
Evaluate 52 - (-8 - (-37 - 21)).
2
(-55 - -49) + (43 - -4 - 6) + 2
37
Calculate 133 + -158 - (190 - 138).
-77
What is the value of (-76 - -12) + 3 - -61?
0
What is 2 + 8 + -65 + -32 + (2 - -14) + -18?
-89
Calculate (-459 - -413 - (0 + 0)) + 13.
-33
What is -1 + -1 + (31 - 144) + 7 + 9 + -1?
-100
Evaluate 3 - ((-2 - -16 - -2) + (-3941 - -3825)).
103
Evaluate 55 + -155 + (1 + 15 - (24 + -12)).
-96
What is (-10 - (-34 - (8 + -14))) + -36 - -88?
70
What is the value of -14 + -58 + (12 + -6 - -2) - -4?
-60
Evaluate 4 + -5 + 15 + -5 + 78 + -138.
-51
Evaluate 9 + (222 + -220 - (-1 + 16)) + 9 + 24.
29
What is -16 - (-14 + (-43 - -18) + 92)?
-69
-1 - -65 - (-3712 + 3835)
-59
(-1 - -8) + 0 + -19 + 6 + 41
35
Evaluate (-1579 - -1673) + (3 - (3 - 2) - 14).
82
What is -65 + 74 - (3 - 2) - (3 + 4) - -6?
7
What is the value of -1 - (-18 + (-14 + 7 + 16 - -104))?
-96
What is -44 - (-75 + -15 + 4)?
42
Calculate 6 + -2 + (33 - (39 + 14)) + 140.
124
Calculate 17 + -19 - (-22 + -23 + 72).
-29
(-3 - (4 - (-14 + (14 - 14)))) + 118
97
Calculate -2 + 54 + (-10 - (4 - -6 - 8)).
40
(-213 - 25 - -170) + (-1 + 2 + 0 - -3)
-64
What is the value of 2 - -21 - (17 + (159 - (60 + -35)))?
-128
Evaluate (-19 + -3 - -22) + -62 + -6 - -5.
-63
-2 + 1 - (-7 - (-4 + (-5 + -4 - 63)))
-70
What is -13 - (-17 + (10 - (4 - -10))) - (0 - 30)?
38
Calculate 10 + (-2 - (32 - 14)) + 3 + -14.
-21
What is the value of -32 - (16 + -31) - 17 - -6?
-28
-7 + (87 + -32 - 10) + -14
24
Evaluate (33 + -62 - 1) + -26.
-56
Evaluate -1066 + 1081 + (-8 - 66).
-59
-17 - ((-223 - -214 - (6 - 1)) + 9)
-12
Calculate (3 + 10 + -7 - 3) + 21 + -9 + -7.
8
Evaluate 38 - (-50 - -10 - -47).
31
What is 1 + -9 - ((-63 - 4 - 1) + -63 + 60)?
63
Calculate -4 + (8 - ((-9 - -23) + (6 - 5))).
-11
What is the value of 1 + (-2 - -51) - (-57 + 255 + -191)?
43
Calculate (1 + 92 - 52) + (-55 - -26).
12
147 + 8 - (1056 - 934)
33
What is the value of 37 + 3 + 0 - (-17 - -82 - 42)?
17
What is the value of -1388 - -1392 - ((1 - 2 - 0) + -5 + 22)?
-12
Calculate (-3 - 0) + -15 + 44 + -102 + 63.
-13
Evaluate -58 + 12 + -57 + 50 + -10.
-63
0 - -25 - (721 - 675)
-21
Calculate 15 - 0 - (-4418 - -4495).
-62
What is 109 + (8 - (-8 + 29 + -11)) - 4?
103
Evaluate -43 - -6 - (-4 - ((-14 - -19 - -9) + -22)).
-41
What is 11 + -7 - (2 + 2) - (22 - 23)?
1
Evaluate (-667 - -693) + (4 - -43).
73
Calculate 8 + (-2 - 2) - (-11 + 9 + -2).
8
What is 3 + 316 + -330 + 2 + -5?
-14
1 - 2 - (55 + 0 + -3935 + 3859)
20
2 - -50 - (-194 - -262)
-16
What is the value of 5 - ((-21 - -89 - -6) + -32)?
-37
Calculate 11 + -2 + (6 + (-13 - -1 - -21) - 47).
-23
Calculate 2 + -1 + 4 - (136 + 116 + -252).
5
Calculate -40 + (11 - 10) + (-12 + 12 - -5).
-34
What is (21 - 48 - -62) + (1 - -13)?
49
Evaluate 83 + (3 - 97) + 101.
90
What is 108 + -153 + 16 + -9 + -9?
-47
What is (-1 - 45 - 4) + (-3 - (-11 + -1))?
-41
Evaluate 9 - (-506 + 500 - (-3 + 2 - -8 - -4)).
26
(-37 - 2) + 176 + -194 + -5
-62
Evaluate 8 + -9 + (49 - 44) - 21.
-17
What is (3 - -46) + (2 - (5 + -2)) + -89 + 90?
49
Evaluate 1 - 1 - -4 - (14 - (-18 - -32) - -20).
-16
0 + -9 + (18 + (3 - 26) - -10)
-4
Calculate 0 - (9 + (-52 - -10)) - (46 + -26).
13
Calculate -12 - (-2 + 4 - (8 + 2 + -4 - 0)).
-8
Calculate 4 + (21 - 46 - -27 - 23).
-17
What is 126 + -201 + (10 + -3 - -2) + -7?
-73
Evaluate -5 + 6 + -1 + (-156 - -169) + (-4 - 0).
9
-27 + -12 + (-1 - 0) - (-2 + 8)
-46
Calculate (2 - 3) + -44 + 47 - (-6 + -9 - -8).
9
((188 - 87) + -164 - (-4 - 1)) + 1 + -3
-60
1907 + -1918 + 34 + -2
21
1 + -4 + (4 - 0 - (-84 - (-29 + -158)))
-102
Evaluate 16 - (0 - 0) - (36 + -184 + 151).
13
What is the value of -23 + (0 - (10 + -19)) - (1 - -3)?
-18
Calculate (22 - -4) + -43 + (-6 - -5 - -7 - -4).
-7
What is the value of (-129 + 113 - -23 - (18 + 1 + 0)) + 116?
104
Calculate (28 + -20 + -22 - -24) + -64.
-54
-4 + -11 - (2 - (0 - -8)) - (41 - 89)
39
What is the value of (9 - -13) + (-45 + -44 - -12)?
-55
What is 10 - (-2 + -1 + 169 + -154 + -1 + 25)?
-26
-148 + 98 - (-106 + 4)
52
What is the value of (-11 - (-23 - -1)) + -19 - (1 + -29 + 0)?
20
Evaluate 25 + -76 + 30 + 62.
41
Calculate (210 - 60) + -60 - -7.
97
336 + -427 + (63 - -7)
-21
Evaluate (3 - -8) + 1 - (20 - 15).
7
16 + 13 + -48 + -72 + -1 + 3
-89
(-29 + -8 - 2) + (3 - 9) + -1
-46
What is the value of (22 + -176 - -151) + -3 + (-56 - 3) + 0?
-65
-37 + (-53 - (22 + -49)) + 7
-56
What is the value of 3 - (40 - (51 + -54))?
-40
What is (-41 - -16) + 72 - 10?
37
What is the value of (79 - -62) + -122 - (-1 - 18)?
38
Calculate 11 + -1 - (-152 + 136 - (-1 - -9)).
34
1 + 38 + (-10664 - -10700)
75
Calculate 78 + 39 - (-2 + 56).
63
7 + -8 - 4 - (-4 - (-2 + -4)) - 13
-20
Calculate 117 + (-28 - (9 + -27)) - -25 - 12.
120
What is (168 - (25 + 269)) + (0 - -16)?
-110
46 - 32 - (-4 + -30 + 6)
42
Calculate 30 + -45 + 34 - (-6 - 1).
26
Calculate -12 + (-15 - (-18 + 21)) + -6.
-36
Calculate (79 - 62) + (7 - -53).
77
Evaluate -22 + -10 + (9 - -48).
25
Evaluate -18 - 0 - (6 + -43) - 34.
-15
(-22 + 17 - -11 - (7 + 1)) + -11
-13
(-5 + 10 - 14) + 64 + -18
37
Calculate -4 - ((-7 - (-23 + -1)) + -9 - (24 + 3)).
15
What is the value of (0 + -17 - (-58 - 8)) + -10?
39
Evaluate (9 - 3) + 5 + -8 - -13 - 69.
-53
What is the value of 1 - -1 - (-510 + 557)?
-45
What is the value of (-1 - 9) + 9 + (5 - 32) + 21 - 48?
-55
What is the value of 40 + -8 + -394 + 381?
19
Calculate -95 + 26 + 66 + 1 + 1 + -5 + -145.
-151
Evaluate 39 + -5 + -14 + 72 + -173.
-81
Calculate (-1 + -13 - (-151 - -128)) + 16.
25
What is 488 - 349 - (112 + 17)?
10
(108 - 18) + -44 - 19
27
What is -119 + 52 + 114 - 6?
41
Calculate -127 + 26 + 72 - -98.
69
Evaluate 724 + -758 + (0 - 11).
-45
What is the value of -54 + 36 + -47 + 55?
-10
Evaluate 85 + -12 - (-44 - -58 - -29).
30
(3 - (0 + 0)) + -775 + 749
-23
What is the value of (-16 - (20 + (24 - 8))) + 10?
-42
Calculate -8 + -6 + 44 + 20 + -5 + -8.
37
What is the value of 2 + (23 - 41) - (30 + 5 + 3)?
-54
What is -35 + (0 - -20 - -21)?
6
(-10 - (-18 - (-9 - -27))) + 92
118
Evaluate -2 + 10 + 0 + (-4 - -22 - (196 - 115)).
-55
-23 - (-1 + (12 - -2))
-36
Evaluate -2 + 44 + (321 - 357).
6
What is 1 + 11 + (-52 + -2 + 184 - 29)?
113
What is (89 - -1) + (20 - (8 + 13 + 8)) + 6?
87
What is -15 - (8 - (1 - 62)) - (-12 - (-26 + 4))?
-94
Calculate -34 - ((13 - 102) + 24).
31
What is the value of (1 - 42) + (-176 - -195)?
-22
(106 - (344 - 119)) + 150
31
What is the value of 4 - (21 + -7 + (-12 - (-3 - 5)))?
-6
Evaluate -62 - (-32 - (-28 - (-21 - -18))).
-55
Calculate -15 + 87 - (-343 + 386).
29
Calculate -241 - -137 - -29 - -70.
-5
What is -7 + (16 + -39 - -32 - -13)?
15
What is -2 + 0 + (12 - 58) + 8?
